). What is the tens digit of z(-3)?
1
Let j be 526 + 5*4/10. Suppose j = -12*g + 15*g. What is the tens digit of g?
7
Let f(u) = 3. Let s(j) = -j. Let r(z) = -f(z) - 3*s(z). Let v be 11 + (-6 - -7)/(1 + -2). What is the tens digit of r(v)?
2
Let r(k) = 10*k - 7. Let y(v) = 52*v - 36. Let d(p) = 16*r(p) - 3*y(p). Let c = -4 + 6. What is the units digit of d(c)?
4
Let m = -79 - -76. What is the hundreds digit of 4750/30 + 1/m?
1
Let x(a) = 14*a**2 + 2 + 3*a - 3*a**2 - a**3 + 12. Suppose 0*m = -9*m + 99. What is the tens digit of x(m)?
4
Let h = 127 - -906. What is the tens digit of h?
3
Suppose -579 = 2*n - 585. What is the units digit of n?
3
Suppose 8 = 44*j - 80. Suppose 5*s = 3*t + 36, 5*t + 0 + 10 = 0. Let g = s - j. What is the units digit of g?
4
What is the thousands digit of (1960/30)/(-4*3/(-432))?
2
Suppose 465 = 6*u - 3. Suppose u = 3*z - 111. What is the units digit of z?
3
Let h = 170 + -118. Let p = -21 + h. What is the units digit of p?
1
Suppose 2*x = 2*d + 30, -60 = 4*d - 0*d + x. Let g = d + 16. What is the units digit of (3 - g)/((-5)/(-20))?
8
Suppose 4*o + 2124 = 4*s, 0*s = -3*s - 4*o + 1628. What is the tens digit of s?
3
Let p = 1272 + -175. What is the units digit of p?
7
Suppose 5*h = -4*j - 21, 2*j = -3*h - 2*j - 19. What is the tens digit of ((-17)/(-2))/(h/(-2))?
1
Let n(m) be the third derivative of m**4 + m**3/3 + 5*m**2. Let a be n(2). Suppose 2*q = -3*q, -5*q - a = -5*t. What is the units digit of t?
0
Let r = -2998 + 5435. What is the thousands digit of r?
2
Let d be (-50)/(-30)*(1 + 5). What is the tens digit of 718/d + (-6)/(-30)?
7
Let i(h) = 33*h**2 + 2*h + 0*h - 32*h**2. What is the tens digit of i(6)?
4
Let u(y) = -y**2 + y. Let w be u(0). Suppose 0 = -w*c + 2*c - 8. Suppose -d = 2*q - 13 - 2, 0 = -c*q - d + 33. What is the units digit of q?
9
Suppose -3*j + 5*j - 316 = 0. What is the hundreds digit of j?
1
Let u(w) = w**3 + 33*w**2 + 122*w + 22. What is the thousands digit of u(-26)?
1
Suppose -n = 2*q - 2884, -q - 4328 = -4*q - 2*n. What is the hundreds digit of q?
4
Suppose -10*o + 237 = -23. Let z = o + 204. What is the units digit of z?
0
Suppose 0 = -4*y + 7*y - 1791. What is the units digit of y?
7
Suppose -4*w - 16 = 4*p - 7*p, 5*p - 3*w - 12 = 0. Let l be p/(-3 + 1) - -6. What is the units digit of 2/(-12) + 37/l?
6
Let z = -6 - -10. Suppose -198 = -6*v - 0*v. What is the tens digit of 600/v + z/(-22)?
1
Let f be 6 + -4 + -1 - -47. Suppose -f = m - 333. What is the units digit of m?
5
Suppose -5*o + 3480 = 5*x + 1165, -1 = -o. What is the hundreds digit of x?
4
Suppose 5*g - 3*d + 6*d - 6686 = 0, d = -3. What is the hundreds digit of g?
3
Suppose -23*v - 17*v = -100920. What is the tens digit of v?
2
Let r(s) = s**2 - 11*s - 15. Let q be (-6)/(-9)*-3 - 4. What is the units digit of r(q)?
7
Suppose 3 - 2 = q. What is the units digit of q + 6 - 7 - (1 + -39)?
8
Suppose 4*k - 12 = 0, -4*w + 2*k + 2*k + 320 = 0. Let z = w + 141. What is the units digit of z?
4
Suppose 6*g + 1161 = -513. Let u = g - -466. What is the units digit of u?
7
Let d = -1 + 1. Let c be 60/8*(-2)/(-3). Suppose -k = -2*h - 12, -5*h = -d + c. What is the units digit of k?
0
Let x = -1217 - -2819. What is the tens digit of x?
0
Let k(t) = 0*t**2 + 0*t**2 + 40*t**3 - 2*t**2 + 3*t**2. Let a be -14*(-3)/54 + 20/90. What is the tens digit of k(a)?
4
Let b(t) = 10*t + 56. Let h be b(-7). What is the units digit of (-4)/h - 748/(-28)?
7
Suppose -t = p - 3, 2*p = 3*p + 4*t - 3. Let z(h) = 6*h + 4. Let c(x) = x + 1. Let k(u) = p*c(u) - z(u). What is the units digit of k(-6)?
7
Suppose 2*t - 4*z + 13 = -3, 8 = -4*z. What is the units digit of (-9)/6*80/t?
0
Let a(w) = -2*w - 5. Suppose -4*x = -24 + 4. Let r(b) = 2*b + 5. Let h(d) = x*a(d) + 4*r(d). What is the units digit of h(-5)?
5
Suppose 480*x = 474*x + 852. What is the units digit of x?
2
What is the tens digit of (3388/(-35))/((-6)/15)?
4
Let b(w) = w**2 + 2. Let t be b(0). Suppose -94 = -0*p + t*p. Let u = -30 - p. What is the tens digit of u?
1
Let f = 2785 - 241. What is the tens digit of f?
4
Let t be (8/(-8))/(2/(-6)). Suppose -t = f - 6. Suppose 0 = f*u + h - 113, -5*u - 3*h + 117 = -66. What is the tens digit of u?
3
Suppose -4*q + 2 = -5*q. Let m = q + 1. What is the units digit of 15/5*(-6)/m?
8
Let g be 122/(((-2)/(-4))/(-7 + 8)). Suppose -6*r + 2*m + g = -2*r, -r + 64 = m. What is the tens digit of r?
6
Let g = -110 + 116. Let z(w) = w**3 + w**2 - 13*w + 10. What is the units digit of z(g)?
4
Let c = -13 - -37. Let y(m) = -m**3 - 3*m**2 - 4*m + 1. Let a be y(-3). Let r = c - a. What is the tens digit of r?
1
What is the units digit of (45/(-5))/(3/(-124))?
2
Let t = -287 + 320. Suppose -r - r + 6 = 0. Suppose t = 3*w + r. What is the tens digit of w?
1
Let f be 0 + 0*(-1)/2. Let l be (-552)/(-21) + (-4)/14. Suppose -24 = -3*n + 3*o - f*o, 3*n - l = o. What is the units digit of n?
9
Let h = -4 + -2. Let k be (h/(-4))/((-7)/(-14)). Suppose x = 3*l, x - k*x = -l - 15. What is the units digit of x?
9
Suppose -4*z + 348 = -2*p + 4*p, z = -p + 175. What is the tens digit of p?
7
Let t = -157 + 159. Suppose -2*n + 4*q + 1 = -53, 2*n - 3*q = 52. Suppose 3*z - 2*l = 2*l + n, t*z - 20 = -2*l. What is the units digit of z?
9
Let w = 342 + 3674. What is the hundreds digit of w?
0
Let j be (-46)/(-8)*-4*1. Suppose 2*s + 5*k - 88 = 0, 0*s + 3*k = -s + 45. Let h = s + j. What is the tens digit of h?
1
Let i(m) = 7*m**2 + 9*m - 29. What is the tens digit of i(9)?
1
Let m(v) = -4 - 3*v**2 + 2 + 2*v**2 - v - 4*v. Let j be m(-3). What is the units digit of j*(1 + 1 - -1)?
2
Suppose -26 + 6 = 5*r. Let x(v) be the second derivative of v**5/20 + 5*v**4/12 + 5*v**3/6 + 5*v**2/2 - 16*v. What is the units digit of x(r)?
1
Let k(i) = -12*i**2 + i + 1. Suppose -4 = j + 3*j. Let x be k(j). What is the tens digit of (x/(-36))/(1/42)?
1
Suppose -4*z + 60 = 4*d, 2*z - 12 - 23 = -3*d. Suppose -z*n + 5 = -5*n. What is the units digit of n?
1
Suppose -13*b = -15*b + 6. Suppose 0 = b*k - 3*u + 5*u - 223, 5*k = u + 350. What is the units digit of k?
1
Suppose 10*q - 15*q + 3663 = 4*y, 5*y = 2*q + 4554. What is the tens digit of y?
1
Let m(f) = 111*f + 100. What is the thousands digit of m(11)?
1
Suppose 18*k = 6728 + 4648. What is the units digit of k?
2
Suppose 0 = -4*x - s + 548, 4*x - 2*x - 292 = -5*s. What is the tens digit of x?
3
Suppose 2*k - 250 - 472 = 0. What is the hundreds digit of k?
3
Let o(b) = 10*b - 80. Let h be o(24). Let z = h + 37. What is the units digit of z?
7
What is the tens digit of -4 - (2 + 174/(-2))?
8
Suppose -3*u + j = 16, -2*j + 1 = -2*u - 7. Suppose -4*s + 36 = 5*i, 3*s + 4*i = 5 + 21. Let d = s + u. What is the units digit of d?
8
Let r(d) = d + 6. Let u be r(2). Suppose 1716 = u*p + 5*p. What is the hundreds digit of p?
1
Let x be 6/12*(1 - 1). Suppose x = 2*o - o - 2. Suppose -27 = -o*h - h. What is the units digit of h?
9
Let r = -120 - -50. Let a = 101 + r. What is the units digit of a?
1
Let c be 100/(-12) + -7 + (-4)/6. Let o be (0 + 1)*1*23. Let j = o + c. What is the units digit of j?
7
Let m(t) = -82*t - 91. What is the thousands digit of m(-38)?
3
Let m = -196 - -595. Suppose -9*z + m = -150. What is the units digit of z?
1
Suppose -47*f = -56*f + 1350. What is the tens digit of f?
5
Suppose 3*v = -d + 4*v + 34, -5*d + 3*v = -160. Suppose k - d = -0*k. What is the tens digit of k?
2
Let q(x) = -4*x**3 - x**2 + 8*x - 1. What is the units digit of q(-3)?
4
Suppose -2*t + 16 = -3*d, -2*t + 20 = -4*d - 0*t. Let l be ((-4)/10)/(d/160). Suppose -l = -i - 0. What is the tens digit of i?
1
Suppose 4 = -3*b - 5. Let d be b/(-9) - 124/(-6). Suppose 0 = h - 0*h - d. What is the tens digit of h?
2
Suppose 2*b + 9*q - 3042 = 5*q, 5*q = 2*b - 3069. What is the units digit of b?
7
What is the hundreds digit of 40/(-70) - (-3236)/28?
1
Let m = -4 - -2. Let q be (m - (3 - 3)) + 35. Suppose 0*i = -3*i, 3*a - 4*i = q. What is the units digit of a?
1
Suppose 4*a = -4*h - 20, 4*h - 2*h + 3*a = -15. Suppose -195 = 5*i - h*i. What is the tens digit of (-453)/(-13) - 6/i?
3
What is the tens digit of (-3 - 14385/9)*(-63)/42?
0
Let m(l) = 2*l**2 - 2*l + 1707. What is the units digit of m(0)?
7
Suppose 5*r - 36 = 3*t + 166, -t = 2*r + 49. Let n = 179 + t. What is the units digit of n?
